{"id":1614,"date":"2024-02-12T16:58:03","date_gmt":"2024-02-12T16:58:03","guid":{"rendered":"https:\/\/traeume-und-federn.de\/catod\/?page_id=1614"},"modified":"2026-03-08T15:20:39","modified_gmt":"2026-03-08T15:20:39","slug":"cataract-of-dreams-online","status":"publish","type":"page","link":"https:\/\/traeume-und-federn.de\/catod\/cataract-of-dreams-online\/","title":{"rendered":"Cataract of Dreams Online"},"content":{"rendered":"\t\t<div data-elementor-type=\"wp-page\" data-elementor-id=\"1614\" class=\"elementor elementor-1614\">\n\t\t\t\t\t\t<section class=\"elementor-section elementor-top-section elementor-element elementor-element-cbc5921 elementor-section-boxed elementor-section-height-default elementor-section-height-default\" data-id=\"cbc5921\" data-element_type=\"section\" data-e-type=\"section\">\n\t\t\t\t\t\t<div class=\"elementor-container elementor-column-gap-default\">\n\t\t\t\t\t<div class=\"elementor-column elementor-col-50 elementor-top-column elementor-element elementor-element-7fbb7ce\" data-id=\"7fbb7ce\" data-element_type=\"column\" data-e-type=\"column\">\n\t\t\t<div class=\"elementor-widget-wrap elementor-element-populated\">\n\t\t\t\t\t\t<div class=\"elementor-element elementor-element-c7d6ca2 elementor-hidden-mobile elementor-widget elementor-widget-image\" data-id=\"c7d6ca2\" data-element_type=\"widget\" data-e-type=\"widget\" data-widget_type=\"image.default\">\n\t\t\t\t<div class=\"elementor-widget-container\">\n\t\t\t\t\t\t\t\t\t\t\t\t\t\t\t<img fetchpriority=\"high\" decoding=\"async\" width=\"900\" height=\"900\" src=\"https:\/\/traeume-und-federn.de\/catod\/wp-content\/uploads\/sites\/10\/CatoD-bg2.jpg\" class=\"attachment-large size-large wp-image-1617\" alt=\"\" srcset=\"https:\/\/traeume-und-federn.de\/catod\/wp-content\/uploads\/sites\/10\/CatoD-bg2.jpg 900w, https:\/\/traeume-und-federn.de\/catod\/wp-content\/uploads\/sites\/10\/CatoD-bg2-768x768.jpg 768w, https:\/\/traeume-und-federn.de\/catod\/wp-content\/uploads\/sites\/10\/CatoD-bg2-300x300.jpg 300w, https:\/\/traeume-und-federn.de\/catod\/wp-content\/uploads\/sites\/10\/CatoD-bg2-75x75.jpg 75w\" sizes=\"(max-width: 900px) 100vw, 900px\" \/>\t\t\t\t\t\t\t\t\t\t\t\t\t\t\t<\/div>\n\t\t\t\t<\/div>\n\t\t\t\t\t<\/div>\n\t\t<\/div>\n\t\t\t\t<div class=\"elementor-column elementor-col-50 elementor-top-column elementor-element elementor-element-58b2ee3\" data-id=\"58b2ee3\" data-element_type=\"column\" data-e-type=\"column\">\n\t\t\t<div class=\"elementor-widget-wrap elementor-element-populated\">\n\t\t\t\t\t\t<div class=\"elementor-element elementor-element-9c90543 elementor-widget elementor-widget-text-editor\" data-id=\"9c90543\" data-element_type=\"widget\" data-e-type=\"widget\" data-widget_type=\"text-editor.default\">\n\t\t\t\t<div class=\"elementor-widget-container\">\n\t\t\t\t\t\t\t\t\t<p>Unsere Musik kann au\u00dferhalb dieser Website auf unterschiedlichen Plattformen online geh\u00f6rt werden. \u00dcber Bandcamp k\u00f6nnen die St\u00fccke au\u00dferdem gegen eine Spende beliebiger H\u00f6he auch heruntergeladen werden.<\/p>\t\t\t\t\t\t\t\t<\/div>\n\t\t\t\t<\/div>\n\t\t\t\t<section class=\"elementor-section elementor-inner-section elementor-element elementor-element-879fa27 elementor-section-boxed elementor-section-height-default elementor-section-height-default\" data-id=\"879fa27\" data-element_type=\"section\" data-e-type=\"section\">\n\t\t\t\t\t\t<div class=\"elementor-container elementor-column-gap-default\">\n\t\t\t\t\t<div class=\"elementor-column elementor-col-50 elementor-inner-column elementor-element elementor-element-aeb2c12\" data-id=\"aeb2c12\" data-element_type=\"column\" data-e-type=\"column\">\n\t\t\t<div class=\"elementor-widget-wrap elementor-element-populated\">\n\t\t\t\t\t\t<div class=\"elementor-element elementor-element-fd494ef elementor-align-center elementor-widget elementor-widget-button\" data-id=\"fd494ef\" data-element_type=\"widget\" data-e-type=\"widget\" data-widget_type=\"button.default\">\n\t\t\t\t<div class=\"elementor-widget-container\">\n\t\t\t\t\t\t\t\t\t<div class=\"elementor-button-wrapper\">\n\t\t\t\t\t<a class=\"elementor-button elementor-button-link elementor-size-sm\" href=\"https:\/\/listen.tidal.com\/artist\/40131621\" target=\"_blank\">\n\t\t\t\t\t\t<span class=\"elementor-button-content-wrapper\">\n\t\t\t\t\t\t\t\t\t<span class=\"elementor-button-text\">TIDAL<\/span>\n\t\t\t\t\t<\/span>\n\t\t\t\t\t<\/a>\n\t\t\t\t<\/div>\n\t\t\t\t\t\t\t\t<\/div>\n\t\t\t\t<\/div>\n\t\t\t\t<div class=\"elementor-element elementor-element-1302c48 elementor-align-center elementor-widget elementor-widget-button\" data-id=\"1302c48\" data-element_type=\"widget\" data-e-type=\"widget\" data-widget_type=\"button.default\">\n\t\t\t\t<div class=\"elementor-widget-container\">\n\t\t\t\t\t\t\t\t\t<div class=\"elementor-button-wrapper\">\n\t\t\t\t\t<a class=\"elementor-button elementor-button-link elementor-size-sm\" href=\"https:\/\/music.apple.com\/us\/artist\/cataract-of-dreams\/1451240282\" target=\"_blank\">\n\t\t\t\t\t\t<span class=\"elementor-button-content-wrapper\">\n\t\t\t\t\t\t\t\t\t<span class=\"elementor-button-text\">APPLE MUSIC<\/span>\n\t\t\t\t\t<\/span>\n\t\t\t\t\t<\/a>\n\t\t\t\t<\/div>\n\t\t\t\t\t\t\t\t<\/div>\n\t\t\t\t<\/div>\n\t\t\t\t\t<\/div>\n\t\t<\/div>\n\t\t\t\t<div class=\"elementor-column elementor-col-50 elementor-inner-column elementor-element elementor-element-72fc7b5\" data-id=\"72fc7b5\" data-element_type=\"column\" data-e-type=\"column\">\n\t\t\t<div class=\"elementor-widget-wrap elementor-element-populated\">\n\t\t\t\t\t\t<div class=\"elementor-element elementor-element-6d150d1 elementor-align-center elementor-widget elementor-widget-button\" data-id=\"6d150d1\" data-element_type=\"widget\" data-e-type=\"widget\" data-widget_type=\"button.default\">\n\t\t\t\t<div class=\"elementor-widget-container\">\n\t\t\t\t\t\t\t\t\t<div class=\"elementor-button-wrapper\">\n\t\t\t\t\t<a class=\"elementor-button elementor-button-link elementor-size-sm\" href=\"https:\/\/catod.bandcamp.com\" target=\"_blank\">\n\t\t\t\t\t\t<span class=\"elementor-button-content-wrapper\">\n\t\t\t\t\t\t\t\t\t<span class=\"elementor-button-text\">BANDCAMP<\/span>\n\t\t\t\t\t<\/span>\n\t\t\t\t\t<\/a>\n\t\t\t\t<\/div>\n\t\t\t\t\t\t\t\t<\/div>\n\t\t\t\t<\/div>\n\t\t\t\t<div class=\"elementor-element elementor-element-80ba1b3 elementor-align-center elementor-widget elementor-widget-button\" data-id=\"80ba1b3\" data-element_type=\"widget\" data-e-type=\"widget\" data-widget_type=\"button.default\">\n\t\t\t\t<div class=\"elementor-widget-container\">\n\t\t\t\t\t\t\t\t\t<div class=\"elementor-button-wrapper\">\n\t\t\t\t\t<a class=\"elementor-button elementor-button-link elementor-size-sm\" href=\"https:\/\/www.deezer.com\/de\/artist\/58666622\" target=\"_blank\">\n\t\t\t\t\t\t<span class=\"elementor-button-content-wrapper\">\n\t\t\t\t\t\t\t\t\t<span class=\"elementor-button-text\">DEEZER<\/span>\n\t\t\t\t\t<\/span>\n\t\t\t\t\t<\/a>\n\t\t\t\t<\/div>\n\t\t\t\t\t\t\t\t<\/div>\n\t\t\t\t<\/div>\n\t\t\t\t\t<\/div>\n\t\t<\/div>\n\t\t\t\t\t<\/div>\n\t\t<\/section>\n\t\t\t\t<div class=\"elementor-element elementor-element-0d3104a elementor-widget elementor-widget-text-editor\" data-id=\"0d3104a\" data-element_type=\"widget\" data-e-type=\"widget\" data-widget_type=\"text-editor.default\">\n\t\t\t\t<div class=\"elementor-widget-container\">\n\t\t\t\t\t\t\t\t\t<p>Wie bei allen unseren Kunstprojekten, geht es uns auch bei der Musik nicht um die gr\u00f6\u00dftm\u00f6gliche Bekanntheit, sondern um die beste Zug\u00e4nglichkeit zu unserer Kunst im Einklang mit unseren Wertvorstellungen. So haben wir zu Beginn sehr viel Zeit investiert, unsere Musik auf m\u00f6glichst vielen Plattformen zur Verf\u00fcgung zu stellen; nur um uns nach und nach gerade von einigen der gr\u00f6\u00dften wieder zu trennen.<br>Wir entschieden, die Hintergr\u00fcnde dieser Entscheidungen transparent zu machen. Auch wenn wir hier aus Platzgr\u00fcnden nicht alle Anbieter auflisten, bei denen wir nicht (mehr) vertreten sind, findet ihr daher im Folgenden eine kurze \u00dcbersicht.<\/p>\t\t\t\t\t\t\t\t<\/div>\n\t\t\t\t<\/div>\n\t\t\t\t<div class=\"elementor-element elementor-element-9ff8b80 elementor-widget elementor-widget-accordion\" data-id=\"9ff8b80\" data-element_type=\"widget\" data-e-type=\"widget\" data-widget_type=\"accordion.default\">\n\t\t\t\t<div class=\"elementor-widget-container\">\n\t\t\t\t\t\t\t<div class=\"elementor-accordion\">\n\t\t\t\t\t\t\t<div class=\"elementor-accordion-item\">\n\t\t\t\t\t<div id=\"elementor-tab-title-1671\" class=\"elementor-tab-title\" data-tab=\"1\" role=\"button\" aria-controls=\"elementor-tab-content-1671\" aria-expanded=\"false\">\n\t\t\t\t\t\t\t\t\t\t\t\t\t<span class=\"elementor-accordion-icon elementor-accordion-icon-left\" aria-hidden=\"true\">\n\t\t\t\t\t\t\t\t\t\t\t\t\t\t\t<span class=\"elementor-accordion-icon-closed\"><i class=\"fas fa-plus\"><\/i><\/span>\n\t\t\t\t\t\t\t\t<span class=\"elementor-accordion-icon-opened\"><i class=\"fas fa-minus\"><\/i><\/span>\n\t\t\t\t\t\t\t\t\t\t\t\t\t\t<\/span>\n\t\t\t\t\t\t\t\t\t\t\t\t<a class=\"elementor-accordion-title\" tabindex=\"0\">YouTube<\/a>\n\t\t\t\t\t<\/div>\n\t\t\t\t\t<div id=\"elementor-tab-content-1671\" class=\"elementor-tab-content elementor-clearfix\" data-tab=\"1\" role=\"region\" aria-labelledby=\"elementor-tab-title-1671\"><p>Google nutzt YouTube Videos ungefragt zum Training seiner generativen KI Modelle. Daf\u00fcr m\u00f6chten wir unsere Kunst aber nicht zur Vef\u00fcgung stellen.<\/p><\/div>\n\t\t\t\t<\/div>\n\t\t\t\t\t\t\t<div class=\"elementor-accordion-item\">\n\t\t\t\t\t<div id=\"elementor-tab-title-1672\" class=\"elementor-tab-title\" data-tab=\"2\" role=\"button\" aria-controls=\"elementor-tab-content-1672\" aria-expanded=\"false\">\n\t\t\t\t\t\t\t\t\t\t\t\t\t<span class=\"elementor-accordion-icon elementor-accordion-icon-left\" aria-hidden=\"true\">\n\t\t\t\t\t\t\t\t\t\t\t\t\t\t\t<span class=\"elementor-accordion-icon-closed\"><i class=\"fas fa-plus\"><\/i><\/span>\n\t\t\t\t\t\t\t\t<span class=\"elementor-accordion-icon-opened\"><i class=\"fas fa-minus\"><\/i><\/span>\n\t\t\t\t\t\t\t\t\t\t\t\t\t\t<\/span>\n\t\t\t\t\t\t\t\t\t\t\t\t<a class=\"elementor-accordion-title\" tabindex=\"0\">Spotify<\/a>\n\t\t\t\t\t<\/div>\n\t\t\t\t\t<div id=\"elementor-tab-content-1672\" class=\"elementor-tab-content elementor-clearfix\" data-tab=\"2\" role=\"region\" aria-labelledby=\"elementor-tab-title-1672\"><p>Obwohl Spotifys Marktanteil im Bereich des Musikstreamings beachtlich ist, bezahlt die Plattform den K\u00fcnstlern, die diesen Erfolg erm\u00f6glichen, l\u00e4cherlich wenig. Wir m\u00f6chten den Teufelskreis nicht unerst\u00fctzten, der K\u00fcnstler gerade aufgrund der Bekanntheit des Streamingdienstes indirekt zwingt, sich unter Wert zu verkaufen.<\/p><\/div>\n\t\t\t\t<\/div>\n\t\t\t\t\t\t\t<div class=\"elementor-accordion-item\">\n\t\t\t\t\t<div id=\"elementor-tab-title-1673\" class=\"elementor-tab-title\" data-tab=\"3\" role=\"button\" aria-controls=\"elementor-tab-content-1673\" aria-expanded=\"false\">\n\t\t\t\t\t\t\t\t\t\t\t\t\t<span class=\"elementor-accordion-icon elementor-accordion-icon-left\" aria-hidden=\"true\">\n\t\t\t\t\t\t\t\t\t\t\t\t\t\t\t<span class=\"elementor-accordion-icon-closed\"><i class=\"fas fa-plus\"><\/i><\/span>\n\t\t\t\t\t\t\t\t<span class=\"elementor-accordion-icon-opened\"><i class=\"fas fa-minus\"><\/i><\/span>\n\t\t\t\t\t\t\t\t\t\t\t\t\t\t<\/span>\n\t\t\t\t\t\t\t\t\t\t\t\t<a class=\"elementor-accordion-title\" tabindex=\"0\">Amazon Music<\/a>\n\t\t\t\t\t<\/div>\n\t\t\t\t\t<div id=\"elementor-tab-content-1673\" class=\"elementor-tab-content elementor-clearfix\" data-tab=\"3\" role=\"region\" aria-labelledby=\"elementor-tab-title-1673\"><p>Unsere Probleme mit Amazon beginnen schon lange vor der Frage, wie die Plattform mit ihr anvertrauten Inhalten umgeht. Um die Debatte auf die Kunst zu beschr\u00e4nken, so scheint Amazon beispielweise wenig Probleme damit zu haben, vollst\u00e4ndig KI generierte B\u00fccher zu verkaufen. Die grunds\u00e4tzlich r\u00fccksichtslose Einstellung der Plattform, hat uns erfolgreich von jeder Ver\u00f6ffentlichung dort abgehalten.<\/p><\/div>\n\t\t\t\t<\/div>\n\t\t\t\t\t\t\t<div class=\"elementor-accordion-item\">\n\t\t\t\t\t<div id=\"elementor-tab-title-1674\" class=\"elementor-tab-title\" data-tab=\"4\" role=\"button\" aria-controls=\"elementor-tab-content-1674\" aria-expanded=\"false\">\n\t\t\t\t\t\t\t\t\t\t\t\t\t<span class=\"elementor-accordion-icon elementor-accordion-icon-left\" aria-hidden=\"true\">\n\t\t\t\t\t\t\t\t\t\t\t\t\t\t\t<span class=\"elementor-accordion-icon-closed\"><i class=\"fas fa-plus\"><\/i><\/span>\n\t\t\t\t\t\t\t\t<span class=\"elementor-accordion-icon-opened\"><i class=\"fas fa-minus\"><\/i><\/span>\n\t\t\t\t\t\t\t\t\t\t\t\t\t\t<\/span>\n\t\t\t\t\t\t\t\t\t\t\t\t<a class=\"elementor-accordion-title\" tabindex=\"0\">SoundCloud<\/a>\n\t\t\t\t\t<\/div>\n\t\t\t\t\t<div id=\"elementor-tab-content-1674\" class=\"elementor-tab-content elementor-clearfix\" data-tab=\"4\" role=\"region\" aria-labelledby=\"elementor-tab-title-1674\"><p>SoundCloud verwendet die hochgeladene Musik nach eigenen Angaben bislang nicht zum Training von generativer KI. Allerdings sind wir nicht \u00fcberzeugt davon, dass dies in Zukunft so bleibt. Es kostet viel Zeit und Nerven, die Nutzungs-bedingungen der verschiedenen Plattformen regelm\u00e4\u00dfig zu \u00fcberpr\u00fcfen, um in dieser Hinsicht auf dem aktuellen Stand zu bleiben. Daher haben wir entschieden, uns (gewisserma\u00dfen prophylaktisch) von SoundCloud zu trennen.<\/p><\/div>\n\t\t\t\t<\/div>\n\t\t\t\t\t\t\t\t<\/div>\n\t\t\t\t\t\t<\/div>\n\t\t\t\t<\/div>\n\t\t\t\t\t<\/div>\n\t\t<\/div>\n\t\t\t\t\t<\/div>\n\t\t<\/section>\n\t\t\t\t<\/div>\n\t\t","protected":false},"excerpt":{"rendered":"<p>Unsere Musik kann au\u00dferhalb dieser Website auf unterschiedlichen Plattformen online geh\u00f6rt werden. \u00dcber Bandcamp k\u00f6nnen die St\u00fccke au\u00dferdem gegen eine Spende beliebiger H\u00f6he auch heruntergeladen werden. TIDAL APPLE MUSIC BANDCAMP DEEZER Wie bei allen unseren Kunstprojekten, geht es uns auch bei der Musik nicht um die gr\u00f6\u00dftm\u00f6gliche Bekanntheit, sondern um die beste Zug\u00e4nglichkeit zu unserer Kunst im Einklang mit unseren Wertvorstellungen. So haben wir zu Beginn sehr viel Zeit investiert, unsere Musik auf m\u00f6glichst vielen Plattformen zur Verf\u00fcgung zu stellen; nur um uns nach und nach gerade von einigen der gr\u00f6\u00dften wieder zu trennen.Wir entschieden, die Hintergr\u00fcnde dieser Entscheidungen transparent zu machen. Auch wenn wir hier aus Platzgr\u00fcnden nicht alle Anbieter auflisten, bei denen wir nicht (mehr) vertreten sind, findet ihr daher im Folgenden eine kurze \u00dcbersicht. YouTube Google nutzt YouTube Videos ungefragt zum Training seiner generativen KI Modelle. Daf\u00fcr m\u00f6chten wir unsere Kunst aber nicht zur Vef\u00fcgung stellen. Spotify Obwohl Spotifys Marktanteil im Bereich des Musikstreamings beachtlich ist, bezahlt die Plattform den K\u00fcnstlern, die diesen Erfolg erm\u00f6glichen, l\u00e4cherlich wenig. Wir m\u00f6chten den Teufelskreis nicht unerst\u00fctzten, der K\u00fcnstler gerade aufgrund der Bekanntheit des Streamingdienstes indirekt zwingt, sich unter Wert zu verkaufen. Amazon Music Unsere Probleme mit Amazon beginnen schon lange vor der Frage, wie die Plattform mit ihr anvertrauten Inhalten umgeht. Um die Debatte auf die Kunst zu beschr\u00e4nken, so scheint Amazon beispielweise wenig Probleme damit zu haben, vollst\u00e4ndig KI generierte B\u00fccher zu verkaufen. Die grunds\u00e4tzlich r\u00fccksichtslose Einstellung der Plattform, hat uns erfolgreich von jeder Ver\u00f6ffentlichung dort abgehalten. SoundCloud SoundCloud verwendet die hochgeladene Musik nach eigenen Angaben bislang nicht zum Training von generativer KI. Allerdings sind wir nicht \u00fcberzeugt davon, dass dies in Zukunft so bleibt. Es kostet viel Zeit und Nerven, die Nutzungs-bedingungen der verschiedenen Plattformen regelm\u00e4\u00dfig zu \u00fcberpr\u00fcfen, um in dieser Hinsicht auf dem aktuellen Stand zu bleiben. Daher haben wir entschieden, uns (gewisserma\u00dfen prophylaktisch) von SoundCloud zu trennen.<\/p>\n","protected":false},"author":2,"featured_media":0,"parent":0,"menu_order":0,"comment_status":"closed","ping_status":"closed","template":"","meta":{"footnotes":""},"class_list":["post-1614","page","type-page","status-publish","hentry"],"_links":{"self":[{"href":"https:\/\/traeume-und-federn.de\/catod\/wp-json\/wp\/v2\/pages\/1614","targetHints":{"allow":["GET"]}}],"collection":[{"href":"https:\/\/traeume-und-federn.de\/catod\/wp-json\/wp\/v2\/pages"}],"about":[{"href":"https:\/\/traeume-und-federn.de\/catod\/wp-json\/wp\/v2\/types\/page"}],"author":[{"embeddable":true,"href":"https:\/\/traeume-und-federn.de\/catod\/wp-json\/wp\/v2\/users\/2"}],"replies":[{"embeddable":true,"href":"https:\/\/traeume-und-federn.de\/catod\/wp-json\/wp\/v2\/comments?post=1614"}],"version-history":[{"count":3,"href":"https:\/\/traeume-und-federn.de\/catod\/wp-json\/wp\/v2\/pages\/1614\/revisions"}],"predecessor-version":[{"id":1783,"href":"https:\/\/traeume-und-federn.de\/catod\/wp-json\/wp\/v2\/pages\/1614\/revisions\/1783"}],"wp:attachment":[{"href":"https:\/\/traeume-und-federn.de\/catod\/wp-json\/wp\/v2\/media?parent=1614"}],"curies":[{"name":"wp","href":"https:\/\/api.w.org\/{rel}","templated":true}]}}